uate (0 - (-4 - -7)) + 0.
-3
Calculate 2 - (-2 - -1) - (4 + 4).
-5
Calculate 2 + (11 - 5) - 6.
2
What is the value of 3 - (-2 + 7 + -5)?
3
What is -2 - (3 - 5 - 1)?
1
Evaluate 5 - -9 - (0 + 9).
5
What is the value of (-12 - 1) + -14 + 23?
-4
Calculate -10 + (8 + (-11 - -7) - -3).
-3
Calculate -5 + -53 + 58 + (0 - 1).
-1
Evaluate 5 - -2 - (8 + 1 - 4).
2
10 + -3 - 1 - (-2 - -10)
-2
Calculate 2 + -3 + -1 + -2.
-4
2 - 0 - (-6 + -2 + 9)
1
Calculate -5 + 0 - (6 + -8).
-3
Calculate 2 + -2 + 2 - (18 + -13).
-3
What is the value of (-14 + 13 - 1) + 10 + 0?
8
Evaluate 1 + 5 + 4 + -5.
5
Calculate 18 + (18 - 21) + 1 + -7.
9
What is the value of -4 + -3 + 14 - 3?
4
Calculate -2 + -2 + 4 + 11 + -12.
-1
8 - (6 - (8 + -6) - 0)
4
-3 + 5 - (7 + 4 - 2)
-7
Evaluate -10 - (-3 + 3 - 5).
-5
(-7 - (4 + 6)) + 11
-6
What is the value of (-2 - 2) + (-25 - -21)?
-8
Evaluate 3 + 9 + (0 - 7).
5
Calculate (1 - -1) + -24 + 20.
-2
Calculate 0 + -1 + -5 + 3.
-3
Calculate 8 + (-8 - -6) + -6.
0
What is the value of 12 + -6 + (-5 - -5)?
6
Evaluate (1 - (-2 - 0)) + -26 + 13.
-10
What is 0 - 5 - (-2 + (2 - 3))?
-2
(4 - (12 + -5)) + 3
0
What is the value of 6 - (-3 + 10 + -6)?
5
1 + 5 + -4 + -8
-6
What is -4 + (-6 - -8 - (7 - 3))?
-6
What is -3 - (-3 - 0 - -1 - -3)?
-4
What is the value of 21 + -24 - (0 - 2 - -2)?
-3
What is the value of (-9 - -5) + 4 - (-4 - 0)?
4
Calculate -7 - (-3 + -13 + 2 + 2).
5
Calculate -3 + (17 - (-12 - -17)).
9
What is 0 + 0 - -3 - 6?
-3
-1 - 3 - (2 + (1 - 7))
0
Evaluate 3 - 10 - -13 - -1.
7
What is (8 - 3) + (1 - 3)?
3
What is the value of (4 - 7 - -8) + -5?
0
What is -1 + -4 + 6 + 0?
1
What is 1 - (2 + 4 + -5)?
0
Evaluate -4 - (-2 - (-1 + 2 + -2)).
-3
What is (-1 - -1) + (5 - 4) + -5?
-4
6 + -5 + 2 + -8 - -5
0
Calculate 9 + (-5 + 0 - -1).
5
Evaluate (1 + -4 - (10 + -11)) + 4.
2
Evaluate 1 - 1 - 6 - (-35 - -34).
-5
What is 2 + 4 + -10 + 0 + 4?
0
5 - (-1 - (10 - 11))
5
What is -1 + 11 + -5 + 3?
8
-6 - (3 - (4 + -3 + 6))
-2
Calculate 3 - -5 - -2 - 7.
3
(1 - -5) + -21 + 14
-1
Calculate -10 + 1 + 0 + 11.
2
What is 2 + -8 + -7 - -18?
5
Calculate -16 + 13 + -5 - -13.
5
What is 2 + 3 + (-1 - -1)?
5
-1 + 0 + (-12 - (0 + -8))
-5
Evaluate 6 - (8 + 1 + -6).
3
Calculate -5 + 5 + -4 + 0 - -1.
-3
What is the value of (2 - 1) + -6 + (34 - 32)?
-3
-7 + -10 + -2 + 11
-8
-2 + 2 + 2 - 3
-1
1 + (10 - 8) + 1
4
What is the value of 38 + -35 - (7 + 1 + -1)?
-4
What is -3 + -4 + -2 + 14?
5
What is the value of 3 + (-9 - -5) - (4 + -1)?
-4
Calculate -3 + (-4 - (-2 + 1)) + 1.
-5
Evaluate 4 + 0 + -28 + 25.
1
Calculate 3 + -2 + -3 + -11 + 22.
9
What is 6 - -1 - (21 + (-2 - 5))?
-7
What is 0 + 0 + (33 - 38)?
-5
What is the value of -2 - (0 - 4) - 2?
0
What is -2 + 1 + 1 + (2 - 3)?
-1
What is (-2 - -2 - -4) + 1 + -4?
1
Evaluate -5 - (-2 + 4) - -17 - 7.
3
-6 + (3 + -5 - -3) - -10
5
16 - (-4 - -12) - 6
2
What is (7 - 4) + 2 - 14?
-9
Calculate -3 + -1 + 5 - -4.
5
What is (-2 - -1) + 0 + 1 - 5?
-5
Evaluate -11 + -5 + 8 + 3.
-5
0 + 4 + 6 + -5 - -1
6
Evaluate (5 - 2) + (3 - 6).
0
Calculate 1 + (-2 - (-2 - -3 - 1)).
-1
Calculate 1 + (0 - 1) + (3 - -1).
4
Calculate 1 - -10 - (14 + (-14 - -4)).
7
Evaluate 8 - 1 - (5 - 3 - -1).
4
What is the value of -12 + (9 + -8 - -6)?
-5
Evaluate 2 - 0 - (-3 + (-4 - -8)).
1
Calculate -30 + 37 + (3 - 2 - 3).
5
What is -11 + 15 - (2 - (2 - 2))?
2
What is 2 - 0 - (-62 - -64)?
0
What is the value of 86 + -88 + (-1 - (-1 + -4))?
2
What is 4 - (6 + -7 + 10)?
-5
Evaluate 1 + 5 + (8 + -12 - -3).
5
What is -1 - ((-3 - -3) + -3 + 7)?
-5
What is -5 - (2 + -2 + 4 + -5)?
-4
Calculate -2 + -8 + -2 - -10.
-2
Evaluate (7 - 12 - -8) + -5.
-2
What is the value of 1 + -5 - (2 - 3)?
-3
What is the value of 4 + -3 + (1 - -3)?
5
Calculate -3 - (-2 - 4) - 5.
-2
Calculate -20 + -8 + 16 + 5.
-7
What is the value of 4 + -2 + 0 + 2 + 1?
5
Evaluate (8 - (1 - -4)) + -1 + 1.
3
-7 + (-14 - -24) + -4 + -1
-2
Calculate -4 - (-2 - -5) - -5.
-2
0 + (-3 + 2 - -4) + 0
3
What is the value of 2 + -4 + 0 - -2 - -1?
1
Evaluate -10 + (6 - 9) + 18.
5
Calculate (4 - -2) + 3 + -9.
0
Evaluate (4 - 4) + (2 - -2).
4
3 - (-1 - -7 - (4 + -5))
-4
42 - 37 - (1 - 0)
4
Evaluate 6 + 8 + -23 + 8.
-1
What is the value of 0 + -3 - 3 - -3?
-3
What is the value of 0 + -1 + -2 + (202 - 198)?
1
Calculate (17 - (-8 - -6)) + -11.
8
-3 + -1 + 7 + (-3 - 0)
0
What is (0 - -3) + 1 - (-3 + 6)?
1
Evaluate 1 - -2 - 9 - -1.
-5
Calculate -3 + 3 - -2 - 4.
-2
What is 0 + -2 - (-11 - -5)?
4
Calculate -12 + 12 - (8 + 1 + -4).
-5
Calculate 5 + 1 + 0 + 0 + -2.
4
What is (2 - 1) + -2 - (23 - 27)?
3
Calculate -2 + -13 - (9 + -20).
-4
What is 4 + -1 + 0 + (-8 - -11)?
6
What is -3 + (-3 - -3) + 7?
4
What is the value of (1 - 2) + 8 + -4?
3
What is (-1 - -2 - 3) + -3?
-5
2 + -2 + 1 - 4
-3
Evaluate 6 + -7 + -3 - -3.
-1
What is 0 - 0 - (-23 - -22)?
1
Evaluate 13 + -1 - (-5 - (0 - 11)).
6
2 + 1 - (-1 + -11 - -10)
5
(-2 - 18 - -13) + 2 + 1
-4
What is (1 + -4 - -3 - 2) + -2?
-4
Calculate (13 - 7) + -12 - -4.
-2
-3 + (-9 - (-6 - -4))
-10
What is the value of -2 + (-2 - -2 - -2)?
0
What is (-5 - -8) + -2 + 1?
2
(-24 - -11) + -7 + 15
-5
What is the value of -3 - ((-5 - -6) + -3 + -1)?
0
What is 15 + -8 + 2 + -4?
5
(5 - 26) + 10 + 10
-1
What is the value of -1 + 5 + -5 + 7?
6
What is -10 + (7 - (-4 + 6)) - -3?
-2
Calculate (122 - 122) + 0 + 1 + -6.
-5
0 + -6 + 8 + -5
-3
Calculate 0 + (-4 - -8) + -4.
0
-6 + (3 - -8 - -5) + -2
8
-7 + 1 + (4 - (2 - 1))
-3
What is 2 - (-2 + 3) - -16 - 6?
11
What is (5 - 2) + 4 + (-3 - 1)?
3
What is the value of (-1 + (0 - 3) - -2) + 5?
3
Calculate -8 + 23 + -14 + -5.
-4
Calculate 6 - 16 - -17 - (0 + 4).
3
What is the value of (-3 + 0 - -12) + (-12 - -7)?
4
Calculate (2 - -1 - 2) + (-4 - 0).
-3
Evaluate 4 + -13 + 3 + (5 - 5).
-6
What is the value of 6 + (-8 + -4 - (-6 + 1))?
-1
What is the value of (3 - (-4 + 6)) + -5?
-4
Calculate -2 + (6 - (2 + -3)) - 5.
0
What is the value of 1 - -1 - (9 + -16 - -4)?
5
7 + (2 - (-1 - -4))
6
What is 8 - -1 - 2 - 2?
5
What is -1 + (3 - (-1 - -7))?
-4
(7 - 3) + -7 + -1 + 0
-4
What is 6 - ((-9 - -18) + 2)?
-5
Calculate -6 + (2 + 0 - 1).
-5
Evaluate 10 + -3 + -1 + -8.
-2
Evaluate 5 + -3 - (5 - 6).
3
Calculate -7 + 7 + 1 + -1.
0
Calculate -6 - (-9 + 1 + 5 + -5).
2
What is the value of (-2 - (-4 + (3 - -3))) + 5?
1
Calculate -1 + (-6 - -3 - 0) + 3.
-1
What is the value of (-11 - -10) + (3 - (2 + -1))?
1
Evaluate 3 - ((4 - 7) + 3).
3
-7 + 4 - -2 - 1
-2
What is the value of -4 - -2 - (4 - (4 - 0))?
-2
What is 4 + -7 + (-6 - -5 - -6)?
2
What is 8 + 5 + -1 + -2 - 3?
7
Evaluate -3 + 0 + (-36 - -35).
-4
Calculate (70 - 65) + (0 - -1) - 2.
4
(-6 - -14) + -10 - -6
4
Evaluate 2 + -4 - (-9 - -7).
0
Evaluate -1 - 1 - (25 - 23).
-4
Calculate 2 - (1 + 0 - (-1 + 4)).
4
What is (2 - (0 + 1)) + (6 - 4)?
3
Evaluate 3 + 7 + 3 + -16.
-3
Calculate 5 + -1 + 2 + 1 + -3.
4
(1 - -2) + 4 + -3
4
Calculate -3 - (-3 + 3 + 0).
-3
-3 + 4 + 6 - 2
5
144 + -145 - (1 + 0 + 1)
-3
7 + (7 - (1 + 6)) + -2
5
What is 13 + 3 + -9 - 6?
1
What is the value of (-5 - -4) + -4 + 0?
-5
Calculate 0 + (-17 - -2) + 7.
-8
What is the value of 7 - 4 - ((2 - -2) + -1)?
0
Calculate -41 + 49 - (-1 + 15).
-6
What is 3 - (-4 - (-7 + (-1 - 2)))?
-3
What is the value of -3 + (-4 - (-4 + -5))?
2
(-3 - -7) + -6 - -3 - 6
-5
What is the value of (1 - -4) + (-6 - -5)?
4
-1 - -6 - (-27 - -29)
3
Calculate 2 + 5 + -2 + -4.
1
4 + 0 + (-3 - -1) + -1
1
(6 - 3 - -1) + -3
1
(3 + 19 - 8) + -6 + 1
9
What is (-1 - (-8 + 1)) + (1 - 2)?
5
Calculate -6 + 10 + -5 + -4.
-5
Evaluate -2 - ((-6 - -3) + 5 + 0).
-4
Calculate 13 + -12 + (4 - 9).
-4
What is (1 - 6) + (27 - 12 - 14)?
-4
Calculate 5 + -8 + (2 + 0 - -4).
3
What is the value of 20 + -18 - (1 - 0)?
1
3 + (1 - -7) - 9
2
What is -10 - (-6 + -5) - -5?
6
Evaluate 2 - 7 - (1 + 0 + -1).
-5
What is the value of (-9 - -11) + (-2 - (-1 - -1))?
0
What is the value of (-2 - 4) + 5 - -4?
3
What is -5 + 11 + -2 + -2?
2
3 - 2 - -2 - (5 + -3)
1
What is the value of 12 + -25 + (3 - -6)?
-4
Calculate -6 + (-2 - ((0 - 5) + -2)).
-1
Evaluate 0 + -2 + 2 + 0.
0
-3 - (8 + -7 - -3)
-7
What is -2 - (-6 + 2 + -3 + 6)?
-1
8 - 11 - -4 - (-2 + 0)
3
Calculate 13 - (23 + -12 - -7).
-5
1 - 7 - (-14 - -9)
-1
Calculate -206 + 214 + (0 - 9).
-1
What is the value of -9 + (3 - 1) + 1?
-6
0 - 2 - (17 - (-8 + 32))
5
1 + 2 + (-11 - -8)
0
0 + -3 + -